378 - 679. Is n a composite number?
True
Is ((-55)/4)/((-23)/(-4) - 6) composite?
True
Suppose 17*z - 195369 = 50094. Is z a composite number?
True
Let n(u) be the first derivative of -405*u**2/2 + 2*u + 1. Is n(-1) a prime number?
False
Let l be (1 + -2)*(-3 - 5). Is (38/l)/(3/60) prime?
False
Suppose 10 + 5 = 3*z. Let k(p) = p**2 - 17*p + 30. Let c be k(2). Suppose c = z*l - l - d - 1006, 3*l + 5*d = 743. Is l composite?
False
Let b(t) = 5*t - 18. Let r be b(5). Suppose k + r*k - 2648 = 0. Is k composite?
False
Suppose -x = -137 - 138. Let s = 104 + x. Is s composite?
False
Let z(m) = m**3 - 2*m**2 + 3*m - 1. Let f be z(2). Let p be (-12)/(-30) + 4/(-10). Suppose 2*l + 3*j - 40 = 0, -f*l + 4*j + 45 + 9 = p. Is l a composite number?
True
Suppose c = 5*r - 141714, 0 = 18*r - 15*r + 5*c - 85034. Is r prime?
False
Let o(d) = -662*d - 161. Is o(-11) a prime number?
True
Let c(o) = -2*o**2 + 15*o + 8. Let u be c(8). Suppose j + 3*t - 625 = u, -3*t = 5*j - j - 2518. Is j a prime number?
True
Is 13997*(-1)/5*(5 - 10) a composite number?
False
Let h be 2553 + (-3 - -6) - 4. Suppose 3*r - 10260 = 4*o, -4*r + h = -o - 0*o. Is o/(-10) - 2/(-10) a prime number?
True
Let t = 348 + -196. Is t - (-1 - (0 + -4)) composite?
False
Let p = -3057 - -5051. Suppose 5*h - p = 3*h. Is h a prime number?
True
Let q be 1/(((-7)/3)/(-7)). Suppose 2*p + 355 = q*j, 5*j - 593 = -0*j + 2*p. Is j a composite number?
True
Suppose -2*l + 5*h + 508 = 0, 6*l - 4*l - 512 = 3*h. Is l a composite number?
True
Let i = 16 - 10. Let d be -1 - ((-2)/(-1) - i). Suppose -d*z - 1 = 2*w - 8, -3*w = -5*z + 18. Is z prime?
True
Suppose 2*m = 57*m - 984775. Is m composite?
True
Suppose -344120 = -5*c + 18615. Is c a prime number?
True
Suppose 4*h - q - 8 = 3*q, -4*q + 24 = 4*h. Suppose -h = -4*u + 4*o, -6*u - 5*o = -2*u + 5. Suppose -z + 3 - 1 = u. Is z prime?
True
Let q(t) = 39 - 2*t**3 - 15 + t**3 + 10. Let b be q(0). Suppose v = -0*v + b. Is v prime?
False
Suppose -c - 1492 = -4945. Is c a composite number?
True
Let r = -3214 - -4535. Suppose 3*g = -r + 10138. Is g a prime number?
True
Let p(t) be the first derivative of -551*t**2/2 + 9*t - 2. Is p(-4) a composite number?
False
Let p be -662 + 10 + 1*-2 + 4. Let t = p + 1557. Is t a prime number?
True
Let h = -13 + 16. Suppose 0 = -3*y - 5*t + 5017, -2*y + 2*t + 3378 = -h*t. Is y composite?
True
Suppose 8*g = 5*g + 60. Let n = 22 - g. Suppose n*z - 3*z + 82 = 0. Is z composite?
True
Let m(l) = -7*l - 4 - 25*l + 1. Is m(-8) a prime number?
False
Let a(k) = -19*k**3 + k**2 - 24*k + 3. Is a(-7) prime?
True
Let c(l) = l**3 + 6*l**2 + 4. Let d be c(-6). Let z = d + -4. Suppose z*b + 3*b - 563 = 2*g, -4*g + 211 = b. Is b a prime number?
True
Let h be 4 + 0 + 4/(-2). Let b = -14 + 14. Suppose 4*d - 3156 = h*q - 438, b = -2*q - 10. Is d a prime number?
True
Let c(f) = 3*f**3 - 2*f**2 + 23*f + 59. Is c(22) composite?
False
Is ((187/44)/17)/((-2)/(-313032)) a prime number?
False
Let y(m) = 3*m**2 - 7*m + 2. Let b be y(8). Suppose p = 2*p - b. Let c = p + -91. Is c composite?
False
Let y(d) = -2*d - 4. Let n be y(-6). Suppose -n*i + 0*i = -1112. Is i a prime number?
True
Let k = -409 - -656. Let p = k + 72. Is p a prime number?
False
Suppose 1402 = 7*y - 6*y + 3*l, 4*y + 2*l = 5598. Is y prime?
True
Let w be (-2)/(-1)*(-8)/16 - -3. Suppose 3*a - 4435 = -w*a. Is a prime?
True
Is (-6054)/42*(-3 + -4) composite?
False
Suppose -38860 = -4*q + 4*k, -22 = -4*k - 6. Is q prime?
True
Suppose h - 14 = -0*h. Suppose 0 = -3*o + 3*i + h - 5, 2 = -2*i. Suppose 4*j = -2*u + 130, -3*j - o*u + 99 = -0*u. Is j a prime number?
True
Let q(o) = -o**3 + o + 115. Let b be 9/(-21) - 3/(-7). Is q(b) a prime number?
False
Let c(l) = l**3 - 2*l**2 - l + 427. Suppose s = -4*s + s. Is c(s) prime?
False
Suppose 5*a + 3*y = -122, -5*a + 2*y - 7*y = 130. Let d(w) = -4*w - 55. Is d(a) a prime number?
False
Let w = -8654 + 41523. Is w composite?
False
Is 3/(-3)*4 + (-8511)/(-3) prime?
True
Let o be (-4 - 0) + -1*5. Let x be o/6*2/(-3). Let w(a) = 127*a**2 + 2*a - 2. Is w(x) a composite number?
False
Let m be ((1214/(-6))/(-1)*-3)/(-1). Let v = m - 384. Is v a composite number?
False
Let t = -11058 - -26113. Let m = t - 6788. Is m prime?
False
Let s = 5933 - 2668. Is s a prime number?
False
Suppose 0*b - 80 = 4*b. Is (-222)/(-5)*(-50)/b composite?
True
Let z = 0 + 120. Let b = z - 85. Is b a prime number?
False
Let v(t) = 628*t + 21. Is v(2) composite?
False
Is 46280/60*(-3)/(-2) prime?
False
Suppose -4*q = -3*i - 13012 - 10924, -23908 = -4*q - 4*i. Is q composite?
False
Suppose 6587 = c - 15990. Is c a prime number?
False
Is 5 - (-7)/((-7)/(-72150)) a prime number?
False
Suppose -4*z - 8 - 30 = -3*m, 5*m - z - 35 = 0. Is 0 - (3/m*-4 + -411) a composite number?
True
Let s(d) = -d**3 + 14*d**2 + d + 23. Is s(-10) a prime number?
False
Suppose 5*l + 4*q - 819 = 7*q, 4*l - 5*q - 663 = 0. Let f = -165 + 8. Let h = l - f. Is h a prime number?
False
Let x(y) = y**3 - 3*y + 3. Let k be x(2). Suppose 0 = -k*h + 2*h + 2865. Is h a prime number?
False
Let j(o) = 20*o - o**2 + 2 + 1 + 0 + 8. Let k be j(9). Suppose -2*y = -4*y + k. Is y a composite number?
True
Suppose -5*f + 51950 = 5*f. Is f a composite number?
True
Let k = 1369 + -675. Is k prime?
False
Let k be (-4)/(-2)*(-262)/4. Let c(j) = -2*j**2 + 12*j + 8. Let o be c(7). Is (k + 0)*(o - -5) a composite number?
False
Let r be -104 + (-3)/(6/(-8)). Let w = -11 + 50. Let g = w - r. Is g a composite number?
False
Let p = 11662 - 4919. Is p a prime number?
False
Let s(r) = 113*r**2 + 24*r + 75. Is s(14) composite?
True
Is 114/76*(-10054)/(-3) a prime number?
False
Suppose 1471 = 4*j + 6859. Suppose t + 4*y - 2*y = 6, -3*y - 11 = -t. Is j/(-6) + (-12)/t a prime number?
True
Let t(u) = 9*u**3 + 8*u**2 - 5*u - 3. Is t(8) prime?
True
Let p = -17014 - -41609. Is p prime?
False
Suppose 40 = -10*i + 2*i. Is ((-4485)/(-10) + i)*(-2)/(-1) composite?
False
Is 62/465 - (-322033)/15 a prime number?
False
Let c(u) = 23*u**2 + 8*u - 10. Let x be c(-7). Suppose 0 = 3*j - 2*j - x. Is j a prime number?
True
Is 2/5*(-864250)/(-100) composite?
False
Let a = -88 - -246. Suppose -a = -3*w + l, -3*w + 160 = -3*l + 4*l. Is w prime?
True
Suppose 5*a - 3*w + 8 = 2, 3*w = -3*a + 6. Suppose a = 4*s - 0*s - 10644. Is s composite?
True
Let t(j) = 1307*j**2 + 18*j + 257. Is t(-12) composite?
False
Suppose -24652 = -2*r - 3*x, 2*x + 26492 = 2*r + 1820. Suppose -i = 3*h - 3079, 4*i + 4*h + 0*h - r = 0. Is i prime?
False
Let d(n) = -14*n + 1. Let z be d(-6). Let a = z - 36. Is (-14)/a + (-4895)/(-7) a composite number?
True
Suppose 3*u = -2*u + 85. Suppose 2*h = -j + 16 + 18, 4*j = -h + u. Suppose -4*k - h = -m + k, -2*m + 6 = 4*k. Is m a composite number?
False
Is ((-8501)/2)/((-7)/14) a composite number?
False
Let v(s) = 221*s**2 + 16*s + 264. Is v(-9) prime?
False
Let i(o) = -2*o + 3*o + 1007 - 16*o**2 - o**3 + 15*o**2. Is i(0) a prime number?
False
Let h(c) = 155*c**2 - 10*c + 137. Is h(8) prime?
False
Let k(a) = 150*a**3 - 5*a + 6. Let w be k(2). Suppose 314 = 5*u - 3*t - w, 0 = -u - t + 310. Is u composite?
True
Is (4/(-10))/(16/(-3160))*353 a prime number?
False
Let v(z) = z**2 + 7*z - 8. Let m be v(-6). Let q = m - -13. Is 1791/18*(q + 3) a prime number?
True
Let u be 9012/18*(-6)/(-4). Let q(p) = -9*p**2 + 4. Let y be q(-7). Let b = y + u. Is b prime?
False
Let s(a) = -63*a + 62. Let u be s(-5). Suppose -x = -u - 682. Is x a composite number?
True
Let s = 10 - 0. Suppose -2*x - p = -11, 5*p - s = 5*x - 0*p. Suppose -319 = z - 2*z + 3*a, 3*z + x*a = 909. Is z prime?
True
Let q = -1258 + 5201. Is q prime?
True
Suppose 5*j - 4*p + 226 = -8*p, 5*j = -p - 214. Let v(g) = 5*g**2 - 3*g - 3. Let u be v(-2). Let d = u - j. Is d prime?
False
Suppose 2*h - 5*x = h - 11, -3*x + 3 = -h. Let f(z) = 1 - 76*z + h*z + 13*z. Is f(-1) composite?
True
Suppose -3*z = -u + 185, 3*u + 3*z - 539 = 4*z. Is u a prime number?
True
Suppose -26*l + 1548 = -32*l. Let u = l + 725. Is u a prime number?
True
Let n = -42 - -47. Suppose -3*s = -2*s - 3, -n*s = -3*b + 267. Is b a composite number?
True
Let s(b) = -2*b**2 + 24*b - 17. Let c(v) = -v**2 - 13*v + 23. Let r be c(-14). Is s(r) a composite number?
False
Let d(g) = g**2 + 3*g - 8. Let w be d(-5). Let s = w - 3. Is ((-6)/(-18))/(s/(-831)